 the hundred thousands digit of 7673781?
6
What is the tens digit of 17645055?
5
What is the ten thousands digit of 408729?
0
What is the hundred thousands digit of 573025?
5
What is the ten thousands digit of 770264?
7
What is the hundreds digit of 1655464?
4
What is the hundred thousands digit of 11553373?
5
What is the units digit of 104761?
1
What is the tens digit of 1017463?
6
What is the thousands digit of 13805?
3
What is the ten thousands digit of 6843445?
4
What is the millions digit of 1765874?
1
What is the millions digit of 7272365?
7
What is the hundred thousands digit of 2181893?
1
What is the units digit of 1479390?
0
What is the thousands digit of 664614?
4
What is the thousands digit of 77739?
7
What is the units digit of 11589?
9
What is the ten thousands digit of 448151?
4
What is the hundreds digit of 2905372?
3
What is the tens digit of 67834?
3
What is the ten thousands digit of 2550246?
5
What is the units digit of 219906?
6
What is the tens digit of 3534801?
0
What is the ten thousands digit of 16318782?
1
What is the millions digit of 24575339?
4
What is the thousands digit of 1782011?
2
What is the ten thousands digit of 46917?
4
What is the units digit of 6444018?
8
What is the units digit of 8320496?
6
What is the units digit of 18954999?
9
What is the hundred thousands digit of 4757339?
7
What is the units digit of 418477?
7
What is the thousands digit of 234841?
4
What is the hundreds digit of 689409?
4
What is the units digit of 262087?
7
What is the millions digit of 3870798?
3
What is the units digit of 4310341?
1
What is the tens digit of 2839859?
5
What is the thousands digit of 107314?
7
What is the hundreds digit of 136683?
6
What is the tens digit of 102502?
0
What is the thousands digit of 6488092?
8
What is the thousands digit of 251713?
1
What is the ten thousands digit of 265064?
6
What is the units digit of 475563?
3
What is the hundreds digit of 200357?
3
What is the units digit of 96299?
9
What is the ten thousands digit of 16273?
1
What is the tens digit of 19751?
5
What is the hundreds digit of 193951?
9
What is the hundreds digit of 120616?
6
What is the tens digit of 7868093?
9
What is the hundreds digit of 138511?
5
What is the tens digit of 18549953?
5
What is the thousands digit of 3409890?
9
What is the millions digit of 2026206?
2
What is the hundreds digit of 2655888?
8
What is the hundred thousands digit of 467228?
4
What is the thousands digit of 437240?
7
What is the tens digit of 16648?
4
What is the tens digit of 351418?
1
What is the hundreds digit of 2438740?
7
What is the ten thousands digit of 764670?
6
What is the thousands digit of 4306704?
6
What is the hundred thousands digit of 14145768?
1
What is the ten thousands digit of 875849?
7
What is the units digit of 3724166?
6
What is the units digit of 23890518?
8
What is the hundred thousands digit of 34099003?
0
What is the units digit of 82607?
7
What is the thousands digit of 161481?
1
What is the units digit of 1104565?
5
What is the tens digit of 6520293?
9
What is the ten thousands digit of 25564045?
6
What is the hundreds digit of 651460?
4
What is the ten thousands digit of 1756076?
5
What is the ten thousands digit of 81875?
8
What is the thousands digit of 5139893?
9
What is the hundred thousands digit of 233386?
2
What is the units digit of 136066?
6
What is the hundred thousands digit of 235371?
2
What is the thousands digit of 390825?
0
What is the hundred thousands digit of 418003?
4
What is the tens digit of 796258?
5
What is the hundred thousands digit of 180568?
1
What is the ten thousands digit of 14034634?
3
What is the thousands digit of 199638?
9
What is the tens digit of 38138?
3
What is the ten thousands digit of 167415?
6
What is the thousands digit of 61081?
1
What is the ten thousands digit of 934233?
3
What is the thousands digit of 496469?
6
What is the hundreds digit of 1140851?
8
What is the millions digit of 31965917?
1
What is the units digit of 816430?
0
What is the hundreds digit of 395934?
9
What is the ten thousands digit of 501658?
0
What is the ten thousands digit of 26809434?
0
What is the units digit of 239043?
3
What is the hundred thousands digit of 35656742?
6
What is the ten thousands digit of 2309954?
0
What is the ten thousands digit of 57154?
5
What is the tens digit of 10377023?
2
What is the thousands digit of 755177?
5
What is the thousands digit of 31445?
1
What is the tens digit of 875564?
6
What is the units digit of 593499?
9
What is the ten thousands digit of 378707?
7
What is the hundreds digit of 135967?
9
What is the ten thousands digit of 250877?
5
What is the tens digit of 227099?
9
What is the hundreds digit of 413959?
9
What is the thousands digit of 639153?
9
What is the tens digit of 277729?
2
What is the tens digit of 4359387?
8
What is the tens digit of 8549731?
3
What is the hundred thousands digit of 3183352?
1
What is the millions digit of 14236785?
4
What is the tens digit of 6592315?
1
What is the millions digit of 1707978?
1
What is the ten millions digit of 14190147?
1
What is the hundred thousands digit of 6863145?
8
What is the ten thousands digit of 666627?
6
What is the tens digit of 268967?
6
What is the hundred thousands digit of 157017?
1
What is the tens digit of 688705?
0
What is the units digit of 6609602?
2
What is the hundreds digit of 6488005?
0
What is the hundreds digit of 44010?
0
What is the hundred thousands digit of 3014922?
0
What is the millions digit of 13080703?
3
What is the units digit of 3979408?
8
What is the hundred thousands digit of 198667?
1
What is the thousands digit of 6796069?
6
What is the thousands digit of 1611537?
1
What is the thousands digit of 2952316?
2
What is the hundred thousands digit of 641045?
6
What is the thousands digit of 36416?
6
What is the hundreds digit of 10314232?
2
What is the thousands digit of 25983317?
3
What is the units digit of 60149?
9
What is the hundred thousands digit of 1208246?
2
What is the hundreds digit of 94183?
1
What is the ten thousands digit of 418440?
1
What is the units digit of 604039?
9
What is the hundred thousands digit of 20246164?
2
What is the millions digit of 20658440?
0
What is the millions digit of 1089602?
1
What is the ten thousands digit of 490415?
9
What is the hundreds digit of 1302403?
4
What is the millions digit of 18306728?
8
What is the thousands digit of 6441505?
1
What is the hundreds digit of 2141393?
3
What is the hundred thousands digit of 845775?
8
What is the units digit of 520585?
5
What is the millions digit of 1068177?
1
What is the tens digit of 406101?
0
What is the ten thousands digit of 443694?
4
What is the ten thousands digit of 191979?
9
What is the ten thousands digit of 592116?
9
What is the hundreds digit of 442649?
6
What is the tens digit of 568858?
5
What is the units digit of 12496889?
9
What is the hundred thousands digit of 2290202?
2
What is the ten thousands digit of 330201?
3
What is the thousands digit of 194934?
4
What is the thousands digit of 8286336?
6
What is the hundred thousands digit of 3964436?
9
What is the thousands digit of 15559727?
9
What is the ten thousands digit of 3047559?
4
What is the thousands digit of 293517?
3
What is the thousands digit of 50722?
0
What is the hundred thousands digit of 12993528?
9
What is the thousands digit of 12164889?
4
What is the thousands digit of 5862240?
2
What is the units digit of 54414?
4
What is the thousands digit of 222186?
2
What is the millions digit of 5328620?
5
What is the thousands digit of 226251?
6
What is the thousands digit of 1462219?
2
What is the units digit of 1184829?
9
What is the ten thousands digit of 2847047?
4
What is the hundred thousands digit of 284254?
2
What is the ten thousands digit of 10877457?
7
What is the ten thousands digit of 895468?
9
What is the millions digit of 7482238?
7
What is the ten thousands digit of 32818?
3
What is the millions digit of 4348963?
4
What is the ten thousands digit of 8700550?
0
What is the hundreds digit of 4063028?
0
What is the tens digit of 1647809?
0
What is the hundred thousands digit of 110004?
1
What is the tens digit of 454148?
4
What is the hundreds digit of 160358?
3
What is the hundred thousands d